{"id":136,"date":"2017-09-21T13:57:45","date_gmt":"2017-09-21T12:57:45","guid":{"rendered":"http:\/\/www.salesianssarria.com\/blog\/share-the-light\/?page_id=136"},"modified":"2024-11-08T13:09:08","modified_gmt":"2024-11-08T12:09:08","slug":"que-es-el-projecte","status":"publish","type":"page","link":"https:\/\/share.salesianssarria.com\/index.php\/que-es-el-projecte\/","title":{"rendered":"Qu\u00e8 \u00e9s el projecte Share?"},"content":{"rendered":"<p><strong>Share <\/strong>\u00e9s el <strong>projecte de voluntariat internacional <\/strong>per cooperar amb diferents projectes i iniciatives que desenvolupen\u00a0les <strong>Filles de Maria Auxiliadora a Z\u00e0mbia<\/strong>. El projecte ofereix l&#8217;oportunitat a alumnat i professorat de l&#8217;escola, a realitzar dues setmanes de <strong>voluntariat a City of Joy <\/strong>a Mazabuka, Z\u00e0mbia.<\/p>\n<p>El centre <a href=\"http:\/\/www.salesian.hants.sch.uk\/\">Salesian College Farnborough<\/a> (Anglaterra) &#8211; amb el qual tenim vinculaci\u00f3 donat que fa anys que fem intercanvis &#8211; col\u00b7labora estretament amb aquest projecte. El projecte neix de la iniciativa d&#8217;aquesta escola i els seus alumnes s\u2019impliquen per aconseguir <strong>recursos econ\u00f2mics i desenvolupar iniciatives <\/strong>per col\u00b7laborar amb la comunitat de Z\u00e0mbia<strong>, <\/strong>a m\u00e9s de viatjar cada estiu amb un grup d\u2019alumnes de <em>Sixth Form<\/em> (batxillerat).<\/p>\n\n\n<figure class=\"wp-block-gallery has-nested-images columns-default is-cropped wp-block-gallery-1 is-layout-flex wp-block-gallery-is-layout-flex\">\n<figure class=\"wp-block-image size-large\"><img loading=\"lazy\" decoding=\"async\" width=\"1024\" height=\"510\" data-id=\"938\" src=\"https:\/\/share.salesianssarria.com\/wp-content\/uploads\/2024\/11\/IMG_0671-scaled-e1731058759741-1024x510.jpg\" alt=\"\" class=\"wp-image-938\" srcset=\"https:\/\/share.salesianssarria.com\/wp-content\/uploads\/2024\/11\/IMG_0671-scaled-e1731058759741-1024x510.jpg 1024w, https:\/\/share.salesianssarria.com\/wp-content\/uploads\/2024\/11\/IMG_0671-scaled-e1731058759741-300x149.jpg 300w, https:\/\/share.salesianssarria.com\/wp-content\/uploads\/2024\/11\/IMG_0671-scaled-e1731058759741-768x383.jpg 768w, https:\/\/share.salesianssarria.com\/wp-content\/uploads\/2024\/11\/IMG_0671-scaled-e1731058759741-1536x765.jpg 1536w, https:\/\/share.salesianssarria.com\/wp-content\/uploads\/2024\/11\/IMG_0671-scaled-e1731058759741-2048x1020.jpg 2048w\" sizes=\"(max-width: 1024px) 100vw, 1024px\" \/><\/figure>\n\n\n\n<figure class=\"wp-block-image size-large\"><img loading=\"lazy\" decoding=\"async\" width=\"1024\" height=\"459\" data-id=\"828\" src=\"https:\/\/share.salesianssarria.com\/wp-content\/uploads\/2023\/11\/futbol-edited-scaled-e1731058323120-1024x459.jpeg\" alt=\"\" class=\"wp-image-828\" srcset=\"https:\/\/share.salesianssarria.com\/wp-content\/uploads\/2023\/11\/futbol-edited-scaled-e1731058323120-1024x459.jpeg 1024w, https:\/\/share.salesianssarria.com\/wp-content\/uploads\/2023\/11\/futbol-edited-scaled-e1731058323120-300x134.jpeg 300w, https:\/\/share.salesianssarria.com\/wp-content\/uploads\/2023\/11\/futbol-edited-scaled-e1731058323120-768x344.jpeg 768w, https:\/\/share.salesianssarria.com\/wp-content\/uploads\/2023\/11\/futbol-edited-scaled-e1731058323120-1536x688.jpeg 1536w, https:\/\/share.salesianssarria.com\/wp-content\/uploads\/2023\/11\/futbol-edited-scaled-e1731058323120-2048x918.jpeg 2048w\" sizes=\"(max-width: 1024px) 100vw, 1024px\" \/><\/figure>\n<\/figure>\n\n\n\n<p>L&#8217;any 2014 vam plantejar la idea de col\u00b7laborar entre les dues escoles perqu\u00e8 el Share fos un projecte de voluntariat compartit, i a l&#8217;estiu del 2015 ens van proposar acompanyar-los perqu\u00e8 conegu\u00e9ssim de primera m\u00e0 quines actuacions s\u2019estaven portant a terme i valor\u00e9ssim la possibilitat de participar. Durant el viatge, els nostres professors van poder veure la <strong>situaci\u00f3 de pobresa i necessitat de les persones de Z\u00e0mbia<\/strong>, i la&nbsp;gran import\u00e0ncia de la tasca que desenvolupen les comunitats&nbsp;de les Salesianes, aix\u00ed com <strong>la feina que encara hi ha per fer<\/strong>. <\/p>\n\n\n\n<p>L&#8217;estiu de 2016, una expedici\u00f3 formada per sis alumnes voluntaris de Formaci\u00f3 Professional i tres professors van viatjar a Z\u00e0mbia. \u00a0Durant dues setmanes, els voluntaris van treballar en tasques de manteniment de la llar i van conviure i ajudar a les noies de City of Joy en activitats escolars. <\/p>\n\n\n\n<figure class=\"wp-block-gallery has-nested-images columns-default is-cropped wp-block-gallery-2 is-layout-flex wp-block-gallery-is-layout-flex\">\n<figure class=\"wp-block-image size-large\"><img loading=\"lazy\" decoding=\"async\" width=\"1024\" height=\"768\" data-id=\"837\" src=\"https:\/\/www.salesianssarria.com\/blog\/share\/wp-content\/uploads\/2023\/11\/IMG_3565-1024x768.jpeg\" alt=\"\" class=\"wp-image-837\" srcset=\"https:\/\/share.salesianssarria.com\/wp-content\/uploads\/2023\/11\/IMG_3565-1024x768.jpeg 1024w, https:\/\/share.salesianssarria.com\/wp-content\/uploads\/2023\/11\/IMG_3565-300x225.jpeg 300w, https:\/\/share.salesianssarria.com\/wp-content\/uploads\/2023\/11\/IMG_3565-768x576.jpeg 768w, https:\/\/share.salesianssarria.com\/wp-content\/uploads\/2023\/11\/IMG_3565-1536x1152.jpeg 1536w, https:\/\/share.salesianssarria.com\/wp-content\/uploads\/2023\/11\/IMG_3565-2048x1536.jpeg 2048w\" sizes=\"(max-width: 1024px) 100vw, 1024px\" \/><\/figure>\n\n\n\n<figure class=\"wp-block-image size-large\"><img loading=\"lazy\" decoding=\"async\" width=\"1024\" height=\"768\" data-id=\"440\" src=\"https:\/\/www.salesianssarria.com\/blog\/share\/wp-content\/uploads\/2016\/09\/DSC01183-1024x768.jpg\" alt=\"\" class=\"wp-image-440\" srcset=\"https:\/\/share.salesianssarria.com\/wp-content\/uploads\/2016\/09\/DSC01183-1024x768.jpg 1024w, https:\/\/share.salesianssarria.com\/wp-content\/uploads\/2016\/09\/DSC01183-300x225.jpg 300w, https:\/\/share.salesianssarria.com\/wp-content\/uploads\/2016\/09\/DSC01183-768x576.jpg 768w\" sizes=\"(max-width: 1024px) 100vw, 1024px\" \/><\/figure>\n\n\n\n<figure class=\"wp-block-image size-large\"><img loading=\"lazy\" decoding=\"async\" width=\"1024\" height=\"683\" data-id=\"418\" src=\"https:\/\/www.salesianssarria.com\/blog\/share\/wp-content\/uploads\/2017\/10\/DSC02967-1-1024x683.jpg\" alt=\"\" class=\"wp-image-418\" srcset=\"https:\/\/share.salesianssarria.com\/wp-content\/uploads\/2017\/10\/DSC02967-1-1024x683.jpg 1024w, https:\/\/share.salesianssarria.com\/wp-content\/uploads\/2017\/10\/DSC02967-1-300x200.jpg 300w, https:\/\/share.salesianssarria.com\/wp-content\/uploads\/2017\/10\/DSC02967-1-768x512.jpg 768w\" sizes=\"(max-width: 1024px) 100vw, 1024px\" \/><\/figure>\n<\/figure>\n\n\n\n<p>Aquell viatge va ser el preludi de molts m\u00e9s viatges i accions solid\u00e0ries, ja que els i les joves van descobrir <strong>que poden ajudar i millorar la qualitat de vida<\/strong>\u00a0de les persones que ho necessiten. El missatge, va arribar a tota la comunitat educativa de Salesians Sarri\u00e0 i fa anys que duem a terme diverses <strong>accions solid\u00e0ries relacionades amb l&#8217;educaci\u00f3<\/strong> i per oferir oportunitats laborals als i les joves de Z\u00e0mbia.<\/p>\n\n\n\n<p>A m\u00e9s, cada estiu hem tornat a repetir l&#8217;experi\u00e8ncia, desenvolupant diferents tasques segons les necessitats qu\u00e8 ens trobem, des del convenciment que <strong>estem col\u00b7laborant en una gran tasca de sensibilitzaci\u00f3 dels nostres alumnes i d&#8217;ajuda als altres<\/strong>.&nbsp; Aix\u00ed mateix, al llarg de l&#8217;any no ens desentenem de les necessitats que continuen tenint les noies de la casa d&#8217;acollida en el dia a dia, i fomentem campanyes per continuar col\u00b7laborant.<\/p>\n","protected":false},"excerpt":{"rendered":"<p>Share \u00e9s el projecte de voluntariat internacional per cooperar amb diferents projectes i &hellip; <\/p>\n","protected":false},"author":1,"featured_media":0,"parent":0,"menu_order":0,"comment_status":"closed","ping_status":"closed","template":"","meta":{"footnotes":""},"_links":{"self":[{"href":"https:\/\/share.salesianssarria.com\/index.php\/wp-json\/wp\/v2\/pages\/136"}],"collection":[{"href":"https:\/\/share.salesianssarria.com\/index.php\/wp-json\/wp\/v2\/pages"}],"about":[{"href":"https:\/\/share.salesianssarria.com\/index.php\/wp-json\/wp\/v2\/types\/page"}],"author":[{"embeddable":true,"href":"https:\/\/share.salesianssarria.com\/index.php\/wp-json\/wp\/v2\/users\/1"}],"replies":[{"embeddable":true,"href":"https:\/\/share.salesianssarria.com\/index.php\/wp-json\/wp\/v2\/comments?post=136"}],"version-history":[{"count":31,"href":"https:\/\/share.salesianssarria.com\/index.php\/wp-json\/wp\/v2\/pages\/136\/revisions"}],"predecessor-version":[{"id":957,"href":"https:\/\/share.salesianssarria.com\/index.php\/wp-json\/wp\/v2\/pages\/136\/revisions\/957"}],"wp:attachment":[{"href":"https:\/\/share.salesianssarria.com\/index.php\/wp-json\/wp\/v2\/media?parent=136"}],"curies":[{"name":"wp","href":"https:\/\/api.w.org\/{rel}","templated":true}]}}

Què és el projecte Share?

<p><strong>Share </strong>és el <strong>projecte de voluntariat internacional </strong>per cooperar amb diferents projectes i iniciatives que desenvolupen les <strong>Filles de Maria Auxiliadora a Zàmbia</strong>. El projecte ofereix l&#8217;oportunitat a alumnat i professorat de l&#8217;escola, a realitzar dues setmanes de <strong>voluntariat a City of Joy </strong>a Mazabuka, Zàmbia.</p>
<p>El centre <a href="http://www.salesian.hants.sch.uk/">Salesian College Farnborough</a> (Anglaterra) &#8211; amb el qual tenim vinculació donat que fa anys que fem intercanvis &#8211; col·labora estretament amb aquest projecte. El projecte neix de la iniciativa d&#8217;aquesta escola i els seus alumnes s’impliquen per aconseguir <strong>recursos econòmics i desenvolupar iniciatives </strong>per col·laborar amb la comunitat de Zàmbia<strong>, </strong>a més de viatjar cada estiu amb un grup d’alumnes de <em>Sixth Form</em> (batxillerat).</p>


<figure class="wp-block-gallery has-nested-images columns-default is-cropped wp-block-gallery-1 is-layout-flex wp-block-gallery-is-layout-flex">
<figure class="wp-block-image size-large"><img loading="lazy" decoding="async" width="1024" height="510" data-id="938" src="https://share.salesianssarria.com/wp-content/uploads/2024/11/IMG_0671-scaled-e1731058759741-1024x510.jpg" alt="" class="wp-image-938" srcset="https://share.salesianssarria.com/wp-content/uploads/2024/11/IMG_0671-scaled-e1731058759741-1024x510.jpg 1024w, https://share.salesianssarria.com/wp-content/uploads/2024/11/IMG_0671-scaled-e1731058759741-300x149.jpg 300w, https://share.salesianssarria.com/wp-content/uploads/2024/11/IMG_0671-scaled-e1731058759741-768x383.jpg 768w, https://share.salesianssarria.com/wp-content/uploads/2024/11/IMG_0671-scaled-e1731058759741-1536x765.jpg 1536w, https://share.salesianssarria.com/wp-content/uploads/2024/11/IMG_0671-scaled-e1731058759741-2048x1020.jpg 2048w" sizes="(max-width: 1024px) 100vw, 1024px" /></figure>



<figure class="wp-block-image size-large"><img loading="lazy" decoding="async" width="1024" height="459" data-id="828" src="https://share.salesianssarria.com/wp-content/uploads/2023/11/futbol-edited-scaled-e1731058323120-1024x459.jpeg" alt="" class="wp-image-828" srcset="https://share.salesianssarria.com/wp-content/uploads/2023/11/futbol-edited-scaled-e1731058323120-1024x459.jpeg 1024w, https://share.salesianssarria.com/wp-content/uploads/2023/11/futbol-edited-scaled-e1731058323120-300x134.jpeg 300w, https://share.salesianssarria.com/wp-content/uploads/2023/11/futbol-edited-scaled-e1731058323120-768x344.jpeg 768w, https://share.salesianssarria.com/wp-content/uploads/2023/11/futbol-edited-scaled-e1731058323120-1536x688.jpeg 1536w, https://share.salesianssarria.com/wp-content/uploads/2023/11/futbol-edited-scaled-e1731058323120-2048x918.jpeg 2048w" sizes="(max-width: 1024px) 100vw, 1024px" /></figure>
</figure>



<p>L&#8217;any 2014 vam plantejar la idea de col·laborar entre les dues escoles perquè el Share fos un projecte de voluntariat compartit, i a l&#8217;estiu del 2015 ens van proposar acompanyar-los perquè coneguéssim de primera mà quines actuacions s’estaven portant a terme i valoréssim la possibilitat de participar. Durant el viatge, els nostres professors van poder veure la <strong>situació de pobresa i necessitat de les persones de Zàmbia</strong>, i la&nbsp;gran importància de la tasca que desenvolupen les comunitats&nbsp;de les Salesianes, així com <strong>la feina que encara hi ha per fer</strong>. </p>



<p>L&#8217;estiu de 2016, una expedició formada per sis alumnes voluntaris de Formació Professional i tres professors van viatjar a Zàmbia.  Durant dues setmanes, els voluntaris van treballar en tasques de manteniment de la llar i van conviure i ajudar a les noies de City of Joy en activitats escolars. </p>



<figure class="wp-block-gallery has-nested-images columns-default is-cropped wp-block-gallery-2 is-layout-flex wp-block-gallery-is-layout-flex">
<figure class="wp-block-image size-large"><img loading="lazy" decoding="async" width="1024" height="768" data-id="837" src="https://www.salesianssarria.com/blog/share/wp-content/uploads/2023/11/IMG_3565-1024x768.jpeg" alt="" class="wp-image-837" srcset="https://share.salesianssarria.com/wp-content/uploads/2023/11/IMG_3565-1024x768.jpeg 1024w, https://share.salesianssarria.com/wp-content/uploads/2023/11/IMG_3565-300x225.jpeg 300w, https://share.salesianssarria.com/wp-content/uploads/2023/11/IMG_3565-768x576.jpeg 768w, https://share.salesianssarria.com/wp-content/uploads/2023/11/IMG_3565-1536x1152.jpeg 1536w, https://share.salesianssarria.com/wp-content/uploads/2023/11/IMG_3565-2048x1536.jpeg 2048w" sizes="(max-width: 1024px) 100vw, 1024px" /></figure>



<figure class="wp-block-image size-large"><img loading="lazy" decoding="async" width="1024" height="768" data-id="440" src="https://www.salesianssarria.com/blog/share/wp-content/uploads/2016/09/DSC01183-1024x768.jpg" alt="" class="wp-image-440" srcset="https://share.salesianssarria.com/wp-content/uploads/2016/09/DSC01183-1024x768.jpg 1024w, https://share.salesianssarria.com/wp-content/uploads/2016/09/DSC01183-300x225.jpg 300w, https://share.salesianssarria.com/wp-content/uploads/2016/09/DSC01183-768x576.jpg 768w" sizes="(max-width: 1024px) 100vw, 1024px" /></figure>



<figure class="wp-block-image size-large"><img loading="lazy" decoding="async" width="1024" height="683" data-id="418" src="https://www.salesianssarria.com/blog/share/wp-content/uploads/2017/10/DSC02967-1-1024x683.jpg" alt="" class="wp-image-418" srcset="https://share.salesianssarria.com/wp-content/uploads/2017/10/DSC02967-1-1024x683.jpg 1024w, https://share.salesianssarria.com/wp-content/uploads/2017/10/DSC02967-1-300x200.jpg 300w, https://share.salesianssarria.com/wp-content/uploads/2017/10/DSC02967-1-768x512.jpg 768w" sizes="(max-width: 1024px) 100vw, 1024px" /></figure>
</figure>



<p>Aquell viatge va ser el preludi de molts més viatges i accions solidàries, ja que els i les joves van descobrir <strong>que poden ajudar i millorar la qualitat de vida</strong> de les persones que ho necessiten. El missatge, va arribar a tota la comunitat educativa de Salesians Sarrià i fa anys que duem a terme diverses <strong>accions solidàries relacionades amb l&#8217;educació</strong> i per oferir oportunitats laborals als i les joves de Zàmbia.</p>



<p>A més, cada estiu hem tornat a repetir l&#8217;experiència, desenvolupant diferents tasques segons les necessitats què ens trobem, des del convenciment que <strong>estem col·laborant en una gran tasca de sensibilització dels nostres alumnes i d&#8217;ajuda als altres</strong>.&nbsp; Així mateix, al llarg de l&#8217;any no ens desentenem de les necessitats que continuen tenint les noies de la casa d&#8217;acollida en el dia a dia, i fomentem campanyes per continuar col·laborant.</p>

<p>Share és el projecte de voluntariat internacional per cooperar amb diferents projectes i &hellip; </p>
